{"id":26,"date":"2018-09-26T16:01:50","date_gmt":"2018-09-26T14:01:50","guid":{"rendered":"http:\/\/klett.cz\/direkt\/?page_id=26"},"modified":"2020-01-20T11:32:48","modified_gmt":"2020-01-20T10:32:48","slug":"direkt-interaktiv","status":"publish","type":"page","link":"https:\/\/vydavatelstvoklett.sk\/direkt\/direkt-interaktiv\/","title":{"rendered":"Direkt interaktiv"},"content":{"rendered":"\n<style type=\"text\/css\" data-created_by=\"avia_inline_auto\" id=\"style-css-av-89t5u-dbc21b28f7f8bc2b98f19e2ea22e9f57\">\n.avia-image-container.av-89t5u-dbc21b28f7f8bc2b98f19e2ea22e9f57 img.avia_image{\nbox-shadow:none;\n}\n.avia-image-container.av-89t5u-dbc21b28f7f8bc2b98f19e2ea22e9f57 .av-image-caption-overlay-center{\ncolor:#ffffff;\n}\n<\/style>\n<div  class='avia-image-container av-89t5u-dbc21b28f7f8bc2b98f19e2ea22e9f57 av-styling- avia-align-center  avia-builder-el-0  el_before_av_hr  avia-builder-el-first '   itemprop=\"image\" itemscope=\"itemscope\" itemtype=\"https:\/\/schema.org\/ImageObject\" ><div class=\"avia-image-container-inner\"><div class=\"avia-image-overlay-wrap\"><img fetchpriority=\"high\" class='wp-image-202 avia-img-lazy-loading-not-202 avia_image ' src='https:\/\/vydavatelstvoklett.sk\/direkt\/wp-content\/uploads\/2019\/04\/3ucebnice_944x374.jpg' alt='U\u010debnice Direkt interaktiv' title='U\u010debnice Direkt interaktiv'  height=\"374\" width=\"944\"  itemprop=\"thumbnailUrl\"  \/><\/div><\/div><\/div>\n\n<style type=\"text\/css\" data-created_by=\"avia_inline_auto\" id=\"style-css-av-7cf02-363cb720a860ee227a78b3fe0f6170ad\">\n#top .hr.av-7cf02-363cb720a860ee227a78b3fe0f6170ad{\nmargin-top:30px;\nmargin-bottom:30px;\n}\n.hr.av-7cf02-363cb720a860ee227a78b3fe0f6170ad .hr-inner{\nwidth:50px;\nmax-width:45%;\n}\n.hr.av-7cf02-363cb720a860ee227a78b3fe0f6170ad .av-seperator-icon{\ncolor:#ffffff;\n}\n.hr.av-7cf02-363cb720a860ee227a78b3fe0f6170ad .av-seperator-icon.avia-svg-icon svg:first-child{\nfill:#ffffff;\nstroke:#ffffff;\n}\n<\/style>\n<div  class='hr av-7cf02-363cb720a860ee227a78b3fe0f6170ad hr-custom  avia-builder-el-1  el_after_av_image  el_before_av_one_full  hr-center hr-icon-yes'><span class='hr-inner inner-border-av-border-none'><span class=\"hr-inner-style\"><\/span><\/span><span class='av-seperator-icon avia-iconfont avia-font-entypo-fontello' data-av_icon='\ue808' data-av_iconfont='entypo-fontello' ><\/span><span class='hr-inner inner-border-av-border-none'><span class=\"hr-inner-style\"><\/span><\/span><\/div>\n\n<style type=\"text\/css\" data-created_by=\"avia_inline_auto\" id=\"style-css-av-6syje-fc1cab625ba8dd85a0004c1015375642\">\n.flex_column.av-6syje-fc1cab625ba8dd85a0004c1015375642{\nborder-radius:0px 0px 0px 0px;\npadding:0px 0px 0px 0px;\n}\n<\/style>\n<div  class='flex_column av-6syje-fc1cab625ba8dd85a0004c1015375642 av_one_full  avia-builder-el-2  el_after_av_hr  el_before_av_one_full  first flex_column_div av-zero-column-padding  '     ><section  class='av_textblock_section av-6g676-9a8454ef2bc0da7da850d4981bee8c87 '   itemscope=\"itemscope\" itemtype=\"https:\/\/schema.org\/CreativeWork\" ><div class='avia_textblock'  itemprop=\"text\" ><h1 style=\"text-align: center;\">Direkt interaktiv<\/h1>\n<p style=\"text-align: center;\">Direkt interaktiv je nov\u00e1 aktualizovan\u00e1 podoba ob\u013e\u00fabenej u\u010debnice nem\u010diny Direkt neu pre stredn\u00e9 \u0161koly, ktor\u00e1 cielene pripravuje na s\u00fa\u010dasn\u00fa podobu maturitnej sk\u00fa\u0161ky.<\/p>\n<\/div><\/section><\/div>\n<style type=\"text\/css\" data-created_by=\"avia_inline_auto\" id=\"style-css-av-5s27y-565ed2dc62016114f2f4cc7d1af3e2eb\">\n.flex_column.av-5s27y-565ed2dc62016114f2f4cc7d1af3e2eb{\nborder-radius:0px 0px 0px 0px;\npadding:0px 0px 0px 0px;\n}\n<\/style>\n<div  class='flex_column av-5s27y-565ed2dc62016114f2f4cc7d1af3e2eb av_one_full  avia-builder-el-4  el_after_av_one_full  el_before_av_hr  first flex_column_div av-zero-column-padding  column-top-margin'     ><section  class='av_textblock_section av-4zz6q-34b4a5f3e4389d719dc43a2488fcd73c '   itemscope=\"itemscope\" itemtype=\"https:\/\/schema.org\/CreativeWork\" ><div class='avia_textblock'  itemprop=\"text\" ><h2 style=\"text-align: center;\"><strong>\u010cO V\u00c1S \u010cAK\u00c1 S\u00a0DIREKT INTERAKTIV A\u00a0V\u00a0\u010cOM SA ODLI\u0160UJE OD P\u00d4VODNEJ U\u010cEBNICE? <\/strong><\/h2>\n<h3 style=\"text-align: center;\">Interakt\u00edvna u\u010debnica a\u00a0pracovn\u00fd zo\u0161it<\/h3>\n<p style=\"text-align: center;\">Vytvorili sme plne interakt\u00edvnu u\u010debnicu a\u00a0pracovn\u00fd zo\u0161it. Interakt\u00edvna v\u00fdu\u010dba je ve\u013emi praktick\u00e1, pri dom\u00e1cej pr\u00edprave m\u00e1 aj funkciu motiva\u010dn\u00fa a\u00a0z\u00e1bavn\u00fa. \u0160tudenti si tak na svojich telef\u00f3noch, tabletoch \u010di po\u010d\u00edta\u010doch m\u00f4\u017eu znovu spusti\u0165 audio, vide\u00e1 a\u00a0trochu z\u00e1bavnej\u0161ou formou precvi\u010di\u0165\u00a0 preberan\u00fa l\u00e1tku \u010di tr\u00e9nova\u0165 spr\u00e1vnu v\u00fdslovnos\u0165.<\/p>\n<h3 style=\"text-align: center;\"><\/h3>\n<h3 style=\"text-align: center;\">Cielen\u00e1 pr\u00edprava na maturitu<\/h3>\n<p style=\"text-align: center;\">Pr\u00edprava na maturitn\u00fa sk\u00fa\u0161ku prebieha kontinu\u00e1lne u\u017e od prv\u00e9ho dielu. V\u00a0ka\u017edej lekcii s\u00fa drobn\u00e9 aktivity ABI SPRECHEN \u010di ABI SCHREIBEN. Pripravili sme taktie\u017e dvojstranu (ABI-) FERTIGKEITSTRAINING, ktor\u00e1 obsahuje \u00falohy pod\u013ea s\u00fa\u010dasnej podoby maturitnej sk\u00fa\u0161ky.<\/p>\n<h3 style=\"text-align: center;\">Vn\u00fatorn\u00e1 diferenci\u00e1cia<\/h3>\n<p style=\"text-align: center;\">Pr\u00e1cu s heterog\u00e9nnou skupinou u\u010dite\u013eom ve\u013emi u\u013eah\u010d\u00ed novo spracovan\u00e1 metodick\u00e1 pr\u00edru\u010dka. Zvl\u00e1\u0161\u0165 v prvom diele sa r\u00e1ta so skupinami, v ktor\u00fdch s\u00fa \u017eiaci, ktor\u00ed u\u017e ur\u010dit\u00fa znalos\u0165 jazyka maj\u00fa, a \u017eiaci, ktor\u00ed sa s nem\u010dinou stret\u00e1vaj\u00fa prv\u00fdkr\u00e1t.<\/p>\n<h3 style=\"text-align: center;\">Tematick\u00e9 zameranie jednotliv\u00fdch lekci\u00ed<\/h3>\n<p style=\"text-align: center;\">Prisp\u00f4sobili sme u\u010debnice tak, aby boli maxim\u00e1lne praktick\u00e9, pou\u017eite\u013en\u00e9 a\u00a0zauj\u00edmav\u00e9 pre dan\u00fa cie\u013eov\u00fa skupinu. T\u00e9my reflektuj\u00fa s\u00fa\u010dasn\u00e9 zmeny vo svete a\u00a0t\u00e9my t\u00fdkaj\u00face sa mlad\u00fdch \u013eud\u00ed. Te\u0161i\u0165 sa m\u00f4\u017eete na kompletn\u00fa zmenu t\u00e9m v\u00a04. a\u00a010. lekcii prv\u00e9ho dielu Direkt interaktiv.<\/p>\n<h3 style=\"text-align: center;\">Gramatika<\/h3>\n<p style=\"text-align: center;\">Potrebn\u00fd objem gramatiky sme rozdelili tak, aby uvedenie novej lekcie bolo prirodzen\u00e9 a\u00a0doch\u00e1dzalo k\u00a0plynulej progresii \u0161tudentov.<\/p>\n<h3 style=\"text-align: center;\">Re\u00e1lni hrdinovia<\/h3>\n<p style=\"text-align: center;\">Anneli, Simona, Jense a\u00a0Marca u\u017e mo\u017eno pozn\u00e1te z\u00a0prv\u00e9ho vydania u\u010debnice. Aj Direktom interaktiv bud\u00fa t\u00edto mlad\u00ed \u013eudia z\u00a0Hannoveru a\u00a0jeho okolia sprev\u00e1dza\u0165. K\u00a0nim sa navy\u0161e pridaj\u00fa nov\u00ed hrdinovia \u2013 Anna a\u00a0Julian. Ich \u017eivoty, z\u00e1ujmy, rodinn\u00e9 pr\u00edbehy, vz\u0165ahy, radosti a\u00a0probl\u00e9my n\u00e1sledne tvoria dejov\u00fa l\u00edniu naprie\u010d u\u010debnicou.<\/p>\n<h3 style=\"text-align: center;\">Video<\/h3>\n<p style=\"text-align: center;\">Vytvorili sme z\u00e1bavn\u00e9 didaktick\u00e9 vide\u00e1 vo forme vlogu, ktor\u00fdmi V\u00e1s preved\u00fa priatelia Anna a\u00a0Julian. Ich pou\u017eitie vo v\u00fdu\u010dbe plne z\u00e1vis\u00ed na rozhodnut\u00ed u\u010dite\u013ea (v u\u010debnici maj\u00fa vide\u00e1 svoje vyhraden\u00e9 miesto, v\u00a0metodickej pr\u00edru\u010dke je potom pop\u00edsan\u00e1 kompletn\u00e1 pr\u00e1ca s\u00a0videami, vr\u00e1tane didaktick\u00fdch tipov a\u00a0pracovn\u00fdch listov).<\/p>\n<h3 style=\"text-align: center;\">Audio<\/h3>\n<p style=\"text-align: center;\">Na z\u00e1klade aktualiz\u00e1cie textov sme nahrali a\u00a0doplnili nov\u00e9 cvi\u010denia na po\u010d\u00favanie.<\/p>\n<h3 style=\"text-align: center;\">Zv\u00fdraznenie d\u00f4le\u017eit\u00fdch inform\u00e1ci\u00ed<\/h3>\n<p style=\"text-align: center;\">S\u00fa\u010das\u0165ou u\u010debnice s\u00fa gramatick\u00e9 r\u00e1m\u010deky a\u00a0po novom taktie\u017e odli\u0161nosti v\u00a0jazykov\u00fdch variantoch D-A-CH v\u00a0lexik\u00e1lnej rovine. V\u010faka tomu sme zv\u00fd\u0161ili praktick\u00e9 vyu\u017eitie u\u010debnice.<\/p>\n<h3 style=\"text-align: center;\">Modern\u00fd grafick\u00fd dizajn<\/h3>\n<p style=\"text-align: center;\">Prisp\u00f4sobili sme dizajn cie\u013eovej skupine teenagerov. Grafickou zmenou pre\u0161li ilustr\u00e1cie aj fotografie.<\/p>\n<h3 style=\"text-align: center;\">Metodick\u00e1 pr\u00edru\u010dka<\/h3>\n<p style=\"text-align: center;\">Metodick\u00e1 pr\u00edru\u010dka obsahuje DVD s\u00a0videom a\u00a0audio nahr\u00e1vkami, odpor\u00fa\u010dania, pr\u00edstupy a\u00a0aktivity zoh\u013ead\u0148uj\u00face individualitu \u017eiakov, pracovn\u00e9 listy a\u00a0kop\u00edrovate\u013en\u00e9 predlohy, testy k\u00a0lekci\u00e1m a\u00a0\u010fal\u0161ie tipy a\u00a0materi\u00e1ly pre v\u00fdu\u010dbu.<\/p>\n<\/div><\/section><\/div><div  class='hr av-4jl7u-2dcd332914877c9abed052243d6b1206 hr-default  avia-builder-el-6  el_after_av_one_full  el_before_av_image '><span class='hr-inner '><span class=\"hr-inner-style\"><\/span><\/span><\/div><\/p>\n\n<style type=\"text\/css\" data-created_by=\"avia_inline_auto\" id=\"style-css-av-41e1q-b68127773bc0cdc1021e7a8953b71768\">\n.avia-image-container.av-41e1q-b68127773bc0cdc1021e7a8953b71768 img.avia_image{\nbox-shadow:none;\n}\n.avia-image-container.av-41e1q-b68127773bc0cdc1021e7a8953b71768 .av-image-caption-overlay-center{\ncolor:#ffffff;\n}\n<\/style>\n<div  class='avia-image-container av-41e1q-b68127773bc0cdc1021e7a8953b71768 av-styling- av-hover-grow avia-align-center  avia-builder-el-7  el_after_av_hr  el_before_av_section  avia-builder-el-last '   itemprop=\"image\" itemscope=\"itemscope\" itemtype=\"https:\/\/schema.org\/ImageObject\" ><div class=\"avia-image-container-inner\"><div class=\"avia-image-overlay-wrap\"><img fetchpriority=\"high\" class='wp-image-199 avia-img-lazy-loading-not-199 avia_image ' src='https:\/\/vydavatelstvoklett.sk\/direkt\/wp-content\/uploads\/2019\/04\/DIREKT_open2_1133x651-1-1030x592.jpg' alt='Uk\u00e1zka u\u010debnice' title='DIREKT INTERAKTIV'  height=\"592\" width=\"1030\"  itemprop=\"thumbnailUrl\"  \/><\/div><\/div><\/div>\n<\/div><\/div><\/div><!-- close content main div --><\/div><\/div><div id='av_section_1'  class='avia-section av-31me6-9b96810efdd8d7d346ac204bcc2e447d main_color avia-section-default avia-no-border-styling  avia-builder-el-8  el_after_av_image  el_before_av_one_half  avia-bg-style-scroll container_wrap sidebar_right'  ><div class='container av-section-cont-open' ><div class='template-page content  av-content-small alpha units'><div class='post-entry post-entry-type-page post-entry-26'><div class='entry-content-wrapper clearfix'><\/div><\/div><\/div><!-- close content main div --><\/div><\/div><div id='after_section_1'  class='main_color av_default_container_wrap container_wrap sidebar_right'  ><div class='container av-section-cont-open' ><div class='template-page content  av-content-small alpha units'><div class='post-entry post-entry-type-page post-entry-26'><div class='entry-content-wrapper clearfix'>\n\n<style type=\"text\/css\" data-created_by=\"avia_inline_auto\" id=\"style-css-av-2ilwi-46a9af99ec600b7ed80edc36bfeb2cc9\">\n.flex_column.av-2ilwi-46a9af99ec600b7ed80edc36bfeb2cc9{\nborder-radius:0px 0px 0px 0px;\npadding:0px 0px 0px 0px;\n}\n<\/style>\n<div  class='flex_column av-2ilwi-46a9af99ec600b7ed80edc36bfeb2cc9 av_one_half  avia-builder-el-9  el_after_av_section  el_before_av_one_half  avia-builder-el-first  first flex_column_div av-zero-column-padding  '     ><section  class='av_textblock_section av-2ba62-066fac40eb4dedece5c33320cf9f06da '   itemscope=\"itemscope\" itemtype=\"https:\/\/schema.org\/CreativeWork\" ><div class='avia_textblock'  itemprop=\"text\" ><h2>\u0160TRUKT\u00daRA U\u010cEBNICE<\/h2>\n<ul>\n<li>10 lekci\u00ed<\/li>\n<li>po 5. a 10. lekcii dvojstrana (ABI-) FERTIGKEITSTRAINING<\/li>\n<li>po 5. a 10. lekcii dvojstrana \u2013FESTE<\/li>\n<li>GRAMMATIK\u00dcBERSICHT + preh\u013ead nepravideln\u00fdch slovies na konci u\u010debnice<\/li>\n<\/ul>\n<p><strong>Ka\u017eda lekcia je rozdelen\u00e1 nasledovne:<\/strong><\/p>\n<ul>\n<li>\u00favodn\u00e1 motiva\u010dn\u00e1 dvojstrana<\/li>\n<li>\u010dasti A, B, C<\/li>\n<li>projekt a\u00a0cvi\u010denie k\u00a0videu<\/li>\n<li>gramatick\u00e1 dvojstrana<\/li>\n<li>\u010das\u0165 zameran\u00e1 na spr\u00e1vnu v\u00fdslovnos\u0165<\/li>\n<li>slovn\u00ed\u010dek na konci ka\u017edej lekcie (s nahr\u00e1vkami spr\u00e1vnej v\u00fdslovnosti slovnej z\u00e1soby)<\/li>\n<\/ul>\n<\/div><\/section><\/div>\n\n<style type=\"text\/css\" data-created_by=\"avia_inline_auto\" id=\"style-css-av-1s0vq-8059154cdc18f5f9bd0583ca1056772e\">\n.flex_column.av-1s0vq-8059154cdc18f5f9bd0583ca1056772e{\nborder-radius:0px 0px 0px 0px;\npadding:0px 0px 0px 0px;\n}\n<\/style>\n<div  class='flex_column av-1s0vq-8059154cdc18f5f9bd0583ca1056772e av_one_half  avia-builder-el-11  el_after_av_one_half  avia-builder-el-last  flex_column_div av-zero-column-padding  '     ><section  class='av_textblock_section av-vrm6-ef0539ccf9d0c44b9c44435d805eff66 '   itemscope=\"itemscope\" itemtype=\"https:\/\/schema.org\/CreativeWork\" ><div class='avia_textblock'  itemprop=\"text\" ><h2>\u0160TRUKT\u00daRA PRACOVN\u00c9HO ZO\u0160ITA<\/h2>\n<ul>\n<li>na za\u010diatku pracovn\u00e9ho zo\u0161ita \u2013 \u00favodn\u00fd fonetick\u00fd kurz<\/li>\n<li>cvi\u010denie ku ka\u017edej lekcii<\/li>\n<li>na konci lekcie \u2013 vlastn\u00e9 hodnotenie pomocou komiksu<\/li>\n<li>na konci pracovn\u00e9ho zo\u0161ita \u2013 abecedn\u00fd slovn\u00ed\u010dek<\/li>\n<\/ul>\n<\/div><\/section><\/div>\n","protected":false},"excerpt":{"rendered":"","protected":false},"author":2,"featured_media":0,"parent":0,"menu_order":0,"comment_status":"closed","ping_status":"closed","template":"","meta":{"_exactmetrics_skip_tracking":false,"_exactmetrics_sitenote_active":false,"_exactmetrics_sitenote_note":"","_exactmetrics_sitenote_category":0,"footnotes":""},"class_list":["post-26","page","type-page","status-publish","hentry"],"_links":{"self":[{"href":"https:\/\/vydavatelstvoklett.sk\/direkt\/wp-json\/wp\/v2\/pages\/26","targetHints":{"allow":["GET"]}}],"collection":[{"href":"https:\/\/vydavatelstvoklett.sk\/direkt\/wp-json\/wp\/v2\/pages"}],"about":[{"href":"https:\/\/vydavatelstvoklett.sk\/direkt\/wp-json\/wp\/v2\/types\/page"}],"author":[{"embeddable":true,"href":"https:\/\/vydavatelstvoklett.sk\/direkt\/wp-json\/wp\/v2\/users\/2"}],"replies":[{"embeddable":true,"href":"https:\/\/vydavatelstvoklett.sk\/direkt\/wp-json\/wp\/v2\/comments?post=26"}],"version-history":[{"count":17,"href":"https:\/\/vydavatelstvoklett.sk\/direkt\/wp-json\/wp\/v2\/pages\/26\/revisions"}],"predecessor-version":[{"id":641,"href":"https:\/\/vydavatelstvoklett.sk\/direkt\/wp-json\/wp\/v2\/pages\/26\/revisions\/641"}],"wp:attachment":[{"href":"https:\/\/vydavatelstvoklett.sk\/direkt\/wp-json\/wp\/v2\/media?parent=26"}],"curies":[{"name":"wp","href":"https:\/\/api.w.org\/{rel}","templated":true}]}}