{"id":34,"date":"2018-09-26T16:02:32","date_gmt":"2018-09-26T14:02:32","guid":{"rendered":"http:\/\/klett.cz\/direkt\/?page_id=34"},"modified":"2020-07-02T12:44:29","modified_gmt":"2020-07-02T10:44:29","slug":"ukazky-materialy","status":"publish","type":"page","link":"https:\/\/vydavatelstvoklett.sk\/direkt\/ukazky-materialy\/","title":{"rendered":"Uk\u00e1\u017eky a materi\u00e1ly"},"content":{"rendered":"<section  class='av_textblock_section av-55bpi-780a85ab604537834e945372ae94d87a '   itemscope=\"itemscope\" itemtype=\"https:\/\/schema.org\/CreativeWork\" ><div class='avia_textblock'  itemprop=\"text\" ><h2 style=\"text-align: center;\">MATERI\u00c1LY NA STIAHNUTIE\u00a0A UK\u00c1\u017dKY Z LEKCI\u00cd DIREKT INTERAKTIV<\/h2>\n<p style=\"text-align: center;\">Materi\u00e1ly s\u00fa vo\u013en\u00e9 na stiahnutie \u010di na po\u010d\u00favanie bez registr\u00e1cie a\u00a0prihl\u00e1senia. Ak m\u00e1te ot\u00e1zky k\u00a0zverejnen\u00fdm materi\u00e1lom, obr\u00e1\u0165te sa na na\u0161u <a href=\"https:\/\/vydavatelstvoklett.sk\/direkt\/kontakt\/\">infolinku<\/a> alebo n\u00e1m nap\u00ed\u0161te <a href=\"https:\/\/vydavatelstvoklett.sk\/direkt\/kontakt\/\">e-mail<\/a>.<\/p>\n<\/div><\/section>\n<div  class='hr av-g77e-fb620e0379a6eb0636db670843140232 hr-default  avia-builder-el-1  el_after_av_textblock  el_before_av_textblock '><span class='hr-inner '><span class=\"hr-inner-style\"><\/span><\/span><\/div>\n<section  class='av_textblock_section av-1hym-0ee0d8e14d0e7c2203ff5561c90b5b2a '   itemscope=\"itemscope\" itemtype=\"https:\/\/schema.org\/CreativeWork\" ><div class='avia_textblock'  itemprop=\"text\" ><h3 style=\"text-align: center;\">Uk\u00e1\u017eka u\u010debnice s\u00a0integrovan\u00fdm pracovn\u00fdm zo\u0161itom a\u00a0uk\u00e1\u017eka cvi\u010debnice Intensivtrainer<\/h3>\n<\/div><\/section>\n<div id='av-masonry-1' class='av-masonry av-b0mq-4116be63ce7de90c53715a833e562ef6 noHover av-flex-size av-large-gap av-hover-overlay-active av-masonry-animation-active av-masonry-col-flexible av-caption-always av-caption-style- av-masonry-gallery ' data-post_id=\"34\"><div class=\"av-masonry-container isotope av-js-disabled\"><div class='av-masonry-entry isotope-item av-masonry-item-no-image '><\/div><a href=\"https:\/\/vydavatelstvoklett.sk\/direkt\/wp-content\/uploads\/2019\/03\/DIREKT_1dil_2D.png\"  aria-label=\"image Uk\u00e1\u017eka u\u010debnice s pracovn\u00fdm zo\u0161itom\"  id='av-masonry-1-item-104' data-av-masonry-item='104' class='av-masonry-entry isotope-item post-104 attachment type-attachment status-inherit hentry  av-masonry-item-with-image' title=\"Uk\u00e1\u017eka u\u010debnice s pracovn\u00fdm zo\u0161itom\" alt=\"\"  data-av-masonry-custom-link=\"https:\/\/issuu.com\/klett2\/docs\/direkt_interaktiv_uk_zka\"  itemprop=\"thumbnailUrl\" ><div class='av-inner-masonry-sizer'><\/div><figure class='av-inner-masonry main_color'><div class=\"av-masonry-outerimage-container\"><div class='av-masonry-image-container'  ><img decoding=\"async\" width=\"425\" height=\"600\" fetchpriority=\"high\" class=\"wp-image-104 avia-img-lazy-loading-not-104\"  src=\"https:\/\/vydavatelstvoklett.sk\/direkt\/wp-content\/uploads\/2019\/03\/DIREKT_1dil_2D.png\" title=\"Uk\u00e1\u017eka u\u010debnice s pracovn\u00fdm zo\u0161itom\" alt=\"\" srcset=\"https:\/\/vydavatelstvoklett.sk\/direkt\/wp-content\/uploads\/2019\/03\/DIREKT_1dil_2D.png 425w, https:\/\/vydavatelstvoklett.sk\/direkt\/wp-content\/uploads\/2019\/03\/DIREKT_1dil_2D-213x300.png 213w\" sizes=\"(max-width: 425px) 100vw, 425px\" \/><\/div><\/div><figcaption class='av-inner-masonry-content site-background'><div class='av-inner-masonry-content-pos'><div class='av-inner-masonry-content-pos-content'><div class='avia-arrow'><\/div><h3 class='av-masonry-entry-title entry-title '  itemprop=\"headline\" >Uk\u00e1\u017eka u\u010debnice s pracovn\u00fdm zo\u0161itom<\/h3><\/div><\/div><\/figcaption><\/figure><\/a><!--end av-masonry entry--><a href=\"https:\/\/vydavatelstvoklett.sk\/direkt\/wp-content\/uploads\/2019\/03\/V\u00fdst\u0159i\u017eek_Direkt_cvi\u010debnice2.png\"  aria-label=\"image Uk\u00e1\u017eka cvi\u010debnice Intensivtrainer\"  id='av-masonry-1-item-110' data-av-masonry-item='110' class='av-masonry-entry isotope-item post-110 attachment type-attachment status-inherit hentry  av-masonry-item-with-image' title=\"Uk\u00e1\u017eka cvi\u010debnice Intensivtrainer\" alt=\"\"  data-av-masonry-custom-link=\"https:\/\/issuu.com\/klett2\/docs\/intensivtrainer_ukazka\"  itemprop=\"thumbnailUrl\" ><div class='av-inner-masonry-sizer'><\/div><figure class='av-inner-masonry main_color'><div class=\"av-masonry-outerimage-container\"><div class='av-masonry-image-container'  ><img decoding=\"async\" width=\"425\" height=\"600\" fetchpriority=\"high\" class=\"wp-image-110 avia-img-lazy-loading-not-110\"  src=\"https:\/\/vydavatelstvoklett.sk\/direkt\/wp-content\/uploads\/2019\/03\/V\u00fdst\u0159i\u017eek_Direkt_cvi\u010debnice2.png\" title=\"Uk\u00e1\u017eka cvi\u010debnice Intensivtrainer\" alt=\"\" srcset=\"https:\/\/vydavatelstvoklett.sk\/direkt\/wp-content\/uploads\/2019\/03\/V\u00fdst\u0159i\u017eek_Direkt_cvi\u010debnice2.png 425w, https:\/\/vydavatelstvoklett.sk\/direkt\/wp-content\/uploads\/2019\/03\/V\u00fdst\u0159i\u017eek_Direkt_cvi\u010debnice2-213x300.png 213w\" sizes=\"(max-width: 425px) 100vw, 425px\" \/><\/div><\/div><figcaption class='av-inner-masonry-content site-background'><div class='av-inner-masonry-content-pos'><div class='av-inner-masonry-content-pos-content'><div class='avia-arrow'><\/div><h3 class='av-masonry-entry-title entry-title '  itemprop=\"headline\" >Uk\u00e1\u017eka cvi\u010debnice Intensivtrainer<\/h3><\/div><\/div><\/figcaption><\/figure><\/a><!--end av-masonry entry--><a href=\"https:\/\/vydavatelstvoklett.sk\/direkt\/wp-content\/uploads\/2019\/03\/V\u00fdst\u0159i\u017eek_direkt_testy2.png\"  aria-label=\"image Uk\u00e1\u017eka testov k Direkt interaktiv\"  id='av-masonry-1-item-111' data-av-masonry-item='111' class='av-masonry-entry isotope-item post-111 attachment type-attachment status-inherit hentry  av-masonry-item-with-image' title=\"Uk\u00e1\u017eka testov k Direkt interaktiv\" alt=\"\"  data-av-masonry-custom-link=\"http:\/\/klett.cz\/direkt\/wp-content\/uploads\/2019\/03\/testy_CB.pdf\"  itemprop=\"thumbnailUrl\" ><div class='av-inner-masonry-sizer'><\/div><figure class='av-inner-masonry main_color'><div class=\"av-masonry-outerimage-container\"><div class='av-masonry-image-container'  ><img decoding=\"async\" width=\"425\" height=\"600\" fetchpriority=\"high\" class=\"wp-image-111 avia-img-lazy-loading-not-111\"  src=\"https:\/\/vydavatelstvoklett.sk\/direkt\/wp-content\/uploads\/2019\/03\/V\u00fdst\u0159i\u017eek_direkt_testy2.png\" title=\"Uk\u00e1\u017eka testov k Direkt interaktiv\" alt=\"\" srcset=\"https:\/\/vydavatelstvoklett.sk\/direkt\/wp-content\/uploads\/2019\/03\/V\u00fdst\u0159i\u017eek_direkt_testy2.png 425w, https:\/\/vydavatelstvoklett.sk\/direkt\/wp-content\/uploads\/2019\/03\/V\u00fdst\u0159i\u017eek_direkt_testy2-213x300.png 213w\" sizes=\"(max-width: 425px) 100vw, 425px\" \/><\/div><\/div><figcaption class='av-inner-masonry-content site-background'><div class='av-inner-masonry-content-pos'><div class='av-inner-masonry-content-pos-content'><div class='avia-arrow'><\/div><h3 class='av-masonry-entry-title entry-title '  itemprop=\"headline\" >Uk\u00e1\u017eka testov k Direkt interaktiv<\/h3><\/div><\/div><\/figcaption><\/figure><\/a><!--end av-masonry entry--><\/div><\/div>\n<section  class='av_textblock_section av-2m0za-fbab8c43e253f5c327b6c1f3150acc6c '   itemscope=\"itemscope\" itemtype=\"https:\/\/schema.org\/CreativeWork\" ><div class='avia_textblock'  itemprop=\"text\" ><h3 style=\"text-align: center;\">Uk\u00e1\u017eka z metodickej pr\u00edru\u010dky a \u010fal\u0161ie dokumenty<\/h3>\n<\/div><\/section>\n<div id='av-masonry-2' class='av-masonry av-2cpeq-dcda4d0d42e78c20396b50198cdd1f4b noHover av-flex-size av-large-gap av-hover-overlay-active av-masonry-animation-active av-masonry-col-flexible av-caption-always av-caption-style- av-masonry-gallery ' data-post_id=\"34\"><div class=\"av-masonry-container isotope av-js-disabled\"><div class='av-masonry-entry isotope-item av-masonry-item-no-image '><\/div><a href=\"https:\/\/vydavatelstvoklett.sk\/direkt\/wp-content\/uploads\/2019\/03\/V\u00fdst\u0159i\u017eek_DI_metodika2-1.png\"  aria-label=\"image Uk\u00e1\u017eka metodickej pr\u00edru\u010dky\"  id='av-masonry-2-item-114' data-av-masonry-item='114' class='av-masonry-entry isotope-item post-114 attachment type-attachment status-inherit hentry  av-masonry-item-with-image' title=\"Uk\u00e1\u017eka metodickej pr\u00edru\u010dky\" alt=\"\"  data-av-masonry-custom-link=\"http:\/\/klett.cz\/direkt\/wp-content\/uploads\/2019\/03\/Metodika-Direkt-04-CZ_nahled.pdf\"  itemprop=\"thumbnailUrl\" ><div class='av-inner-masonry-sizer'><\/div><figure class='av-inner-masonry main_color'><div class=\"av-masonry-outerimage-container\"><div class='av-masonry-image-container'  ><img decoding=\"async\" width=\"425\" height=\"600\" fetchpriority=\"high\" class=\"wp-image-114 avia-img-lazy-loading-not-114\"  src=\"https:\/\/vydavatelstvoklett.sk\/direkt\/wp-content\/uploads\/2019\/03\/V\u00fdst\u0159i\u017eek_DI_metodika2-1.png\" title=\"Uk\u00e1\u017eka metodickej pr\u00edru\u010dky\" alt=\"\" srcset=\"https:\/\/vydavatelstvoklett.sk\/direkt\/wp-content\/uploads\/2019\/03\/V\u00fdst\u0159i\u017eek_DI_metodika2-1.png 425w, https:\/\/vydavatelstvoklett.sk\/direkt\/wp-content\/uploads\/2019\/03\/V\u00fdst\u0159i\u017eek_DI_metodika2-1-213x300.png 213w\" sizes=\"(max-width: 425px) 100vw, 425px\" \/><\/div><\/div><figcaption class='av-inner-masonry-content site-background'><div class='av-inner-masonry-content-pos'><div class='av-inner-masonry-content-pos-content'><div class='avia-arrow'><\/div><h3 class='av-masonry-entry-title entry-title '  itemprop=\"headline\" >Uk\u00e1\u017eka metodickej pr\u00edru\u010dky<\/h3><\/div><\/div><\/figcaption><\/figure><\/a><!--end av-masonry entry--><a href=\"https:\/\/vydavatelstvoklett.sk\/direkt\/wp-content\/uploads\/2019\/03\/V\u00fdst\u0159i\u017eek_pracovn\u00ed-list-2.png\"  aria-label=\"image Uk\u00e1\u017eka pracovn\u00fdch listov\"  id='av-masonry-2-item-116' data-av-masonry-item='116' class='av-masonry-entry isotope-item post-116 attachment type-attachment status-inherit hentry  av-masonry-item-with-image' title=\"Uk\u00e1\u017eka pracovn\u00fdch listov\" alt=\"\"  data-av-masonry-custom-link=\"http:\/\/klett.cz\/direkt\/wp-content\/uploads\/2019\/03\/Pracovni-Listy-Direkt-04-CZ_nahled.pdf\"  itemprop=\"thumbnailUrl\" ><div class='av-inner-masonry-sizer'><\/div><figure class='av-inner-masonry main_color'><div class=\"av-masonry-outerimage-container\"><div class='av-masonry-image-container'  ><img decoding=\"async\" width=\"500\" height=\"705\" fetchpriority=\"high\" class=\"wp-image-116 avia-img-lazy-loading-not-116\"  src=\"https:\/\/vydavatelstvoklett.sk\/direkt\/wp-content\/uploads\/2019\/03\/V\u00fdst\u0159i\u017eek_pracovn\u00ed-list-2-500x705.png\" title=\"Uk\u00e1\u017eka pracovn\u00fdch listov\" alt=\"\" srcset=\"https:\/\/vydavatelstvoklett.sk\/direkt\/wp-content\/uploads\/2019\/03\/V\u00fdst\u0159i\u017eek_pracovn\u00ed-list-2-500x705.png 500w, https:\/\/vydavatelstvoklett.sk\/direkt\/wp-content\/uploads\/2019\/03\/V\u00fdst\u0159i\u017eek_pracovn\u00ed-list-2-213x300.png 213w, https:\/\/vydavatelstvoklett.sk\/direkt\/wp-content\/uploads\/2019\/03\/V\u00fdst\u0159i\u017eek_pracovn\u00ed-list-2-450x635.png 450w, https:\/\/vydavatelstvoklett.sk\/direkt\/wp-content\/uploads\/2019\/03\/V\u00fdst\u0159i\u017eek_pracovn\u00ed-list-2.png 580w\" sizes=\"(max-width: 500px) 100vw, 500px\" \/><\/div><\/div><figcaption class='av-inner-masonry-content site-background'><div class='av-inner-masonry-content-pos'><div class='av-inner-masonry-content-pos-content'><div class='avia-arrow'><\/div><h3 class='av-masonry-entry-title entry-title '  itemprop=\"headline\" >Uk\u00e1\u017eka pracovn\u00fdch listov<\/h3><\/div><\/div><\/figcaption><\/figure><\/a><!--end av-masonry entry--><a href=\"https:\/\/vydavatelstvoklett.sk\/direkt\/wp-content\/uploads\/2020\/02\/Na\u0301vrh-bez-na\u0301zvu-15.png\"  aria-label=\"image Obsah Direkt interaktiv\"  id='av-masonry-2-item-355' data-av-masonry-item='355' class='av-masonry-entry isotope-item post-355 attachment type-attachment status-inherit hentry  av-masonry-item-with-image' title=\"Obsah Direkt interaktiv\" alt=\"\"  data-av-masonry-custom-link=\"http:\/\/vydavatelstvoklett.sk\/direkt\/wp-content\/uploads\/2020\/02\/Obsahy_Direkt_interaktiv_150dpi.pdf\"  itemprop=\"thumbnailUrl\" ><div class='av-inner-masonry-sizer'><\/div><figure class='av-inner-masonry main_color'><div class=\"av-masonry-outerimage-container\"><div class='av-masonry-image-container'  ><img decoding=\"async\" width=\"497\" height=\"705\" fetchpriority=\"high\" class=\"wp-image-355 avia-img-lazy-loading-not-355\"  src=\"https:\/\/vydavatelstvoklett.sk\/direkt\/wp-content\/uploads\/2020\/02\/Na\u0301vrh-bez-na\u0301zvu-15-497x705.png\" title=\"Obsah Direkt interaktiv\" alt=\"\" srcset=\"https:\/\/vydavatelstvoklett.sk\/direkt\/wp-content\/uploads\/2020\/02\/Na\u0301vrh-bez-na\u0301zvu-15-497x705.png 497w, https:\/\/vydavatelstvoklett.sk\/direkt\/wp-content\/uploads\/2020\/02\/Na\u0301vrh-bez-na\u0301zvu-15-211x300.png 211w, https:\/\/vydavatelstvoklett.sk\/direkt\/wp-content\/uploads\/2020\/02\/Na\u0301vrh-bez-na\u0301zvu-15-450x638.png 450w, https:\/\/vydavatelstvoklett.sk\/direkt\/wp-content\/uploads\/2020\/02\/Na\u0301vrh-bez-na\u0301zvu-15.png 552w\" sizes=\"(max-width: 497px) 100vw, 497px\" \/><\/div><\/div><figcaption class='av-inner-masonry-content site-background'><div class='av-inner-masonry-content-pos'><div class='av-inner-masonry-content-pos-content'><div class='avia-arrow'><\/div><h3 class='av-masonry-entry-title entry-title '  itemprop=\"headline\" >Obsah Direkt interaktiv<\/h3><\/div><\/div><\/figcaption><\/figure><\/a><!--end av-masonry entry--><a href=\"https:\/\/vydavatelstvoklett.sk\/direkt\/wp-content\/uploads\/2020\/07\/Sni\u0301mek-obrazovky-2020-07-02-v-12.42.45.png\"  aria-label=\"image \u0160kVP Direkt interaktiv 1. &#8211; 3. diel\"  id='av-masonry-2-item-437' data-av-masonry-item='437' class='av-masonry-entry isotope-item post-437 attachment type-attachment status-inherit hentry  av-masonry-item-with-image' title=\"\u0160kVP Direkt interaktiv 1. &#8211; 3. diel\" alt=\"\"  data-av-masonry-custom-link=\"http:\/\/vydavatelstvoklett.sk\/direkt\/wp-content\/uploads\/2020\/07\/Direkt-interaktiv-1-3-SVP_aktualizovany_SVK-3.docx\"  itemprop=\"thumbnailUrl\" ><div class='av-inner-masonry-sizer'><\/div><figure class='av-inner-masonry main_color'><div class=\"av-masonry-outerimage-container\"><div class='av-masonry-image-container'  ><img decoding=\"async\" width=\"690\" height=\"624\" fetchpriority=\"high\" class=\"wp-image-437 avia-img-lazy-loading-not-437\"  src=\"https:\/\/vydavatelstvoklett.sk\/direkt\/wp-content\/uploads\/2020\/07\/Sni\u0301mek-obrazovky-2020-07-02-v-12.42.45.png\" title=\"\u0160kVP Direkt interaktiv 1. &#8211; 3. diel\" alt=\"\" srcset=\"https:\/\/vydavatelstvoklett.sk\/direkt\/wp-content\/uploads\/2020\/07\/Sni\u0301mek-obrazovky-2020-07-02-v-12.42.45.png 690w, https:\/\/vydavatelstvoklett.sk\/direkt\/wp-content\/uploads\/2020\/07\/Sni\u0301mek-obrazovky-2020-07-02-v-12.42.45-300x271.png 300w, https:\/\/vydavatelstvoklett.sk\/direkt\/wp-content\/uploads\/2020\/07\/Sni\u0301mek-obrazovky-2020-07-02-v-12.42.45-450x407.png 450w\" sizes=\"(max-width: 690px) 100vw, 690px\" \/><\/div><\/div><figcaption class='av-inner-masonry-content site-background'><div class='av-inner-masonry-content-pos'><div class='av-inner-masonry-content-pos-content'><div class='avia-arrow'><\/div><h3 class='av-masonry-entry-title entry-title '  itemprop=\"headline\" >\u0160kVP Direkt interaktiv 1. &#8211; 3. diel<\/h3><\/div><\/div><\/figcaption><\/figure><\/a><!--end av-masonry entry--><\/div><\/div>\n<section  class='av_textblock_section av-1kdfa-e69032fd955585a8bbe46e03cc5c1fa4 '   itemscope=\"itemscope\" itemtype=\"https:\/\/schema.org\/CreativeWork\" ><div class='avia_textblock'  itemprop=\"text\" ><h3 style=\"text-align: center;\">Uk\u00e1\u017eka videa<\/h3>\n<\/div><\/section>\n<div id='av-masonry-3' class='av-masonry av-16f9i-179637ee30a869ef24c77eeafbc63d7f noHover av-flex-size av-large-gap av-hover-overlay-active av-masonry-animation-active av-masonry-col-flexible av-caption-always av-caption-style- av-masonry-gallery ' data-post_id=\"34\"><div class=\"av-masonry-container isotope av-js-disabled\"><div class='av-masonry-entry isotope-item av-masonry-item-no-image '><\/div><a href=\"https:\/\/vydavatelstvoklett.sk\/direkt\/wp-content\/uploads\/2019\/03\/Video_vlog-1030x548.png\"  aria-label=\"image Uk\u00e1\u017eka z vlogu Anny a Juliana\"  id='av-masonry-3-item-118' data-av-masonry-item='118' class='av-masonry-entry isotope-item post-118 attachment type-attachment status-inherit hentry  av-masonry-item-with-image' title=\"Uk\u00e1\u017eka z vlogu Anny a Juliana\" alt=\"\"  data-av-masonry-custom-link=\"http:\/\/klett.cz\/direkt\/wp-content\/uploads\/2019\/03\/Innsbruck-10.lekce-1.mp4\"  itemprop=\"thumbnailUrl\" ><div class='av-inner-masonry-sizer'><\/div><figure class='av-inner-masonry main_color'><div class=\"av-masonry-outerimage-container\"><div class='av-masonry-image-container'  ><img decoding=\"async\" width=\"705\" height=\"375\" fetchpriority=\"high\" class=\"wp-image-118 avia-img-lazy-loading-not-118\"  src=\"https:\/\/vydavatelstvoklett.sk\/direkt\/wp-content\/uploads\/2019\/03\/Video_vlog-705x375.png\" title=\"Uk\u00e1\u017eka z vlogu Anny a Juliana\" alt=\"\" srcset=\"https:\/\/vydavatelstvoklett.sk\/direkt\/wp-content\/uploads\/2019\/03\/Video_vlog-705x375.png 705w, https:\/\/vydavatelstvoklett.sk\/direkt\/wp-content\/uploads\/2019\/03\/Video_vlog-300x160.png 300w, https:\/\/vydavatelstvoklett.sk\/direkt\/wp-content\/uploads\/2019\/03\/Video_vlog-768x408.png 768w, https:\/\/vydavatelstvoklett.sk\/direkt\/wp-content\/uploads\/2019\/03\/Video_vlog-1030x548.png 1030w, https:\/\/vydavatelstvoklett.sk\/direkt\/wp-content\/uploads\/2019\/03\/Video_vlog-1500x798.png 1500w, https:\/\/vydavatelstvoklett.sk\/direkt\/wp-content\/uploads\/2019\/03\/Video_vlog-450x239.png 450w, https:\/\/vydavatelstvoklett.sk\/direkt\/wp-content\/uploads\/2019\/03\/Video_vlog.png 1901w\" sizes=\"(max-width: 705px) 100vw, 705px\" \/><\/div><\/div><figcaption class='av-inner-masonry-content site-background'><div class='av-inner-masonry-content-pos'><div class='av-inner-masonry-content-pos-content'><div class='avia-arrow'><\/div><h3 class='av-masonry-entry-title entry-title '  itemprop=\"headline\" >Uk\u00e1\u017eka z vlogu Anny a Juliana<\/h3><\/div><\/div><\/figcaption><\/figure><\/a><!--end av-masonry entry--><\/div><\/div>\n","protected":false},"excerpt":{"rendered":"","protected":false},"author":2,"featured_media":0,"parent":0,"menu_order":0,"comment_status":"closed","ping_status":"closed","template":"","meta":{"_exactmetrics_skip_tracking":false,"_exactmetrics_sitenote_active":false,"_exactmetrics_sitenote_note":"","_exactmetrics_sitenote_category":0,"footnotes":""},"class_list":["post-34","page","type-page","status-publish","hentry"],"_links":{"self":[{"href":"https:\/\/vydavatelstvoklett.sk\/direkt\/wp-json\/wp\/v2\/pages\/34","targetHints":{"allow":["GET"]}}],"collection":[{"href":"https:\/\/vydavatelstvoklett.sk\/direkt\/wp-json\/wp\/v2\/pages"}],"about":[{"href":"https:\/\/vydavatelstvoklett.sk\/direkt\/wp-json\/wp\/v2\/types\/page"}],"author":[{"embeddable":true,"href":"https:\/\/vydavatelstvoklett.sk\/direkt\/wp-json\/wp\/v2\/users\/2"}],"replies":[{"embeddable":true,"href":"https:\/\/vydavatelstvoklett.sk\/direkt\/wp-json\/wp\/v2\/comments?post=34"}],"version-history":[{"count":17,"href":"https:\/\/vydavatelstvoklett.sk\/direkt\/wp-json\/wp\/v2\/pages\/34\/revisions"}],"predecessor-version":[{"id":573,"href":"https:\/\/vydavatelstvoklett.sk\/direkt\/wp-json\/wp\/v2\/pages\/34\/revisions\/573"}],"wp:attachment":[{"href":"https:\/\/vydavatelstvoklett.sk\/direkt\/wp-json\/wp\/v2\/media?parent=34"}],"curies":[{"name":"wp","href":"https:\/\/api.w.org\/{rel}","templated":true}]}}